 24.
8
Suppose w + c = 54, -3*w + 89 + 69 = 5*c. What is the highest common factor of 42 and w?
14
Let o be (1274/39)/((-1)/(-3)). What is the greatest common factor of 14 and o?
14
Let h be 8/(-1 + 2) - -1. Calculate the highest common factor of 99 and h.
9
Let s be (0/(-5) + -40)*-2. Calculate the highest common divisor of 16 and s.
16
Let y = -34 - -46. What is the greatest common divisor of y and 192?
12
Let o(y) = 6*y + 1. Let i be o(14). Calculate the greatest common factor of 17 and i.
17
Suppose 2 = -2*l - 0, -l + 39 = g. Calculate the highest common factor of g and 16.
8
Suppose 0*i + 5*i = 20. Let j = i - 2. Suppose 18 = 3*a - z, -2*a + 0*a + z + 12 = 0. What is the greatest common divisor of a and j?
2
Suppose 0 = -3*u + 8*u - 105. Let g(i) = i**3 - i + 14. Let t be g(0). Calculate the greatest common factor of t and u.
7
Let n be -4 + 192 + (0 - 5). What is the greatest common divisor of 61 and n?
61
Let y be 18*4/36*6. Calculate the highest common divisor of y and 84.
12
Let b be 6/(-9)*1*(-41 + -1). What is the greatest common factor of b and 308?
28
Let j = 9 + -12. Let n be -1*(3 + j)/1. Suppose 2*q + n*o = -2*o + 108, -262 = -5*q - o. What is the highest common divisor of q and 13?
13
Suppose -4*r + 0*r = 3*s - 28, s = r. Suppose 3*z + l - 7 = 34, -2*z + 24 = r*l. Calculate the greatest common factor of z and 7.
7
Let s(k) be the first derivative of k**4/4 - 2*k**3/3 + 7*k**2/2 - 15*k - 7. Let q be s(6). Calculate the highest common divisor of q and 19.
19
Suppose 61 = 5*t - 14. Let z = t - 10. Calculate the greatest common divisor of z and 20.
5
Let q(x) = -x**3 - 3*x**2 + x + 2. Let p be q(-4). Let n(t) = 4*t**2 + 9*t + 8. Let u be n(-6). Calculate the greatest common divisor of p and u.
14
Let i be -1 + 7/(28/32). Suppose -10 = -i*p + 32. What is the greatest common factor of p and 6?
6
Suppose -4*i + 5*u = -196, 2*i + 5*u = -3*i + 200. Calculate the greatest common divisor of 4 and i.
4
Suppose -4*k + 338 = -474. Suppose k + 129 = -2*d. Let n = 441 + d. What is the greatest common divisor of 25 and n?
25
Let o = -51 - -53. Calculate the greatest common factor of 32 and o.
2
Suppose v + 158 = 422. Suppose 0 = -3*w + w + v. Suppose -1 + 25 = 2*h. What is the highest common divisor of h and w?
12
Let k = 15 - 9. Let w be (-1)/3 - 388/(-12). Suppose 5*q + w = 77. Calculate the highest common divisor of q and k.
3
Suppose y - 180 = -4*y. Calculate the greatest common factor of y and 24.
12
Let f be -2 + (2 + -10)/(-1). Let p(x) = 15*x + 3. Let a be p(3). Let h be f/(-2)*a/(-18). Calculate the highest common divisor of 16 and h.
8
Suppose -9 - 19 = -2*u. Let f = u - -61. What is the greatest common divisor of 15 and f?
15
Suppose k + 30 = 2*n + 6*k, n = -2*k + 16. Suppose -5*p + 908 = -2*o, 4*o + o = -5*p + 880. Calculate the greatest common divisor of n and p.
20
Suppose 3*k - 7 = -5*a + 42, -2*a = -3*k - 7. Suppose -3*z = 4*q - 32 + a, 5*q - z = 30. Calculate the greatest common factor of 4 and q.
2
Let m = 47 + -25. Suppose 784 = 5*v + 14. Calculate the greatest common divisor of v and m.
22
Suppose 2*b = -y + 5, 2*y + 5*b + 1 = 8. Let p(f) = f - 3. Let g be p(-4). Let c be (g/3)/((-1)/33). Calculate the greatest common factor of c and y.
11
Suppose 29*t - 31*t + 28 = 0. Calculate the greatest common factor of 2 and t.
2
Let j be 16/6*6/4. Suppose -n + j*f + 18 = 0, n = 5*n - 5*f - 17. Let b be (1 - (0 - n)) + 6. Calculate the greatest common factor of 20 and b.
5
Let u(l) = l**3 + 6*l**2 + 5*l - 6. Let b be u(-5). Let m be (-14)/b - (-8)/12. Calculate the greatest common divisor of m and 3.
3
Suppose 0 = u + u - 100. Let c(g) = 0*g + 14 + 11*g - 20*g**2 + 22*g**2. Let k be c(-6). Calculate the highest common factor of u and k.
10
Let f be (-4953)/(-15) - (-4)/(-20). Calculate the greatest common factor of 30 and f.
30
Suppose -n - 2 = -2*n. Suppose -2*y + 132 = n*m, -4*y + 5*m + 274 = 4*m. Suppose y = 3*i - i. What is the highest common factor of i and 17?
17
Let l be 2/4 + 276/8. Suppose -3*w + 15 = -0*w. Calculate the highest common factor of w and l.
5
Suppose -100 = -2*t - 2*t. Let p = -15 + t. Calculate the greatest common divisor of 50 and p.
10
Suppose -4*s + 692 = 2*b, -4*b + 1402 = -s - 0*s. Calculate the highest common factor of b and 14.
14
Let k be (-10)/(-15) - (-260)/6. Calculate the greatest common divisor of 22 and k.
22
Suppose -4*a + 3*o + 101 = -2*a, -o + 1 = 0. Let m(g) = -8*g - 3. Let z be m(-2). What is the highest common factor of a and z?
13
Let p(y) = 12*y + 3. Let d be p(1). Calculate the highest common factor of d and 30.
15
Let p = 3 - 7. Let x be 1 + p/(-2) + 15. Suppose -x = -3*w + w. Calculate the greatest common factor of w and 9.
9
Suppose 131 = 5*m - 79. Calculate the highest common factor of 63 and m.
21
Let u be -2*7/(7/(-36)). Suppose u = 3*p - 0*p. Calculate the highest common divisor of p and 168.
24
Let n be 75/10*(-24)/(-10). Calculate the highest common divisor of 6 and n.
6
Let x = 9 + 0. Let l(a) = -a**3 - 6*a**2 - 4*a + 6. Let d(m) = -m**3 + m + 1. Let s be d(2). Let v be l(s). Calculate the highest common factor of v and x.
1
Let c = -8 - -12. Let l(t) = -t**3 + 4*t**2 + 2*t - 4. Let m be l(c). Calculate the greatest common factor of 44 and m.
4
Let u be 2/(-9) + 6/27. Suppose -5*n + c = 268, u = 5*n + 3*c - c + 259. Let o = -37 - n. Calculate the highest common factor of o and 8.
8
Let d(c) = -2*c - 8. Suppose 2*i = -0*i - 12. Let r be d(i). Suppose r*o + 37 - 157 = 0. What is the highest common factor of 6 and o?
6
Let a be 1/(2/4) + -1. Let k(z) = 2*z + 215*z**2 - 3*z + 2*z. Let m be k(a). What is the highest common divisor of m and 24?
24
Let f be 1 + (0 - 1)/(-1). Suppose 108 - f = 2*m. Suppose 4*n + 5*i - 71 = -0*i, -2*n + i = -m. Calculate the highest common divisor of n and 3.
3
Let w be 400/60 + (-8)/(-6). Calculate the highest common divisor of w and 72.
8
Let u = -2 - -4. Suppose -2*l + j = -17, 0 = u*l + l + 5*j - 32. Suppose 2*n - 396 = -2*n. Calculate the highest common factor of l and n.
9
Let n(t) = t + 2. Suppose -2*s + 18 = s. Let o be n(s). What is the highest common factor of 8 and o?
8
Suppose -j + 114 = -3*q, 5*q - 355 = -3*j - 27. What is the highest common divisor of j and 37?
37
Let n(u) be the third derivative of u**5/60 - u**4/12 + u**3/2 - 2*u**2. Let y be n(5). What is the highest common divisor of y and 6?
6
Suppose 6*x - 2*x = 36. Suppose h + 90 = 3*h. What is the highest common divisor of h and x?
9
Let v be 4 - (-9 - 2) - -1. What is the highest common divisor of v and 4?
4
Suppose -f + 4*f = 30. Let t = 58 + -48. Calculate the highest common factor of t and f.
10
Let w(q) = 2*q. Suppose -8*m = -3*m + 30. Let h(d) = -9*d. Let v(x) = m*h(x) - 22*w(x). Let n be v(3). What is the highest common divisor of 15 and n?
15
Suppose 9*j - 280 = 4*j. Calculate the highest common divisor of j and 84.
28
Suppose -u + 5*u - 2*m - 192 = 0, 4*u + m - 186 = 0. Let s = u - 81. Let r be 2/(-4)*(s + -2). What is the greatest common factor of 9 and r?
9
Let n be 14/10 + 6/(-15). Let a = n - 2. Let g be 2/2 + (-7)/a. Calculate the highest common factor of 16 and g.
8
Suppose f - 6 = 18. Let h be 2 + -1 - (-2 - 33). Calculate the greatest common divisor of f and h.
12
Let a = 46 - 33. Calculate the greatest common factor of a and 143.
13
Let p = 2 - -7. What is the highest common divisor of 63 and p?
9
Let c be (1/3)/(1/6). Let a be (c/2)/(-1)*-6. Let j be ((-8)/a)/(3/(-180)). What is the highest common factor of 8 and j?
8
Let d(c) = 5*c - 12. Let v be d(6). What is the highest common factor of v and 36?
18
Suppose -v + 2*g + 100 = -2*g, -3*v - 2*g = -258. What is the greatest common divisor of 8 and v?
8
Suppose 17 + 47 = 4*t - 4*r, 49 = 4*t - r. Let k(n) = 8 - n + 0*n**3 + 0*n + 2*n**3 - 9*n**2. Let w be k(6). Calculate the highest common factor of w and t.
11
Let s be 1 + 0 + 0 + 2. Suppose 2*c - s*c = -15. What is the greatest common divisor of c and 6?
3
Let a(u) = u**2 + 3*u - 7. Let k be a(-5). Let i be (-2 - -2)/1 + 27. Calculate the highest common divisor of i and k.
3
Suppose 3 = 3*n - 15. Let g(o) = 3*o. Let m be g(n). Calculate the highest common factor of m and 90.
18
Let d be 1*0*3/(-9). Suppose 3*b - 8*b + 55 = d. What is the greatest common factor 